(18 - 1) + (-42)/8 + 90/360?
10
Suppose -4*i - 251 = -5*g, -2*g + 10*i = 12*i - 122. Calculate the remainder when 424 is divided by g.
39
Let v(x) = 2*x**3 + 25*x**2 - 16*x - 27. What is the remainder when 1053 is divided by v(-13)?
9
Suppose 0*g + 20*g - 473 = 1827. What is the remainder when 477 is divided by g?
17
Let a = 4719 - 3357. Calculate the remainder when a is divided by 220.
42
Let j(y) = y**3 - 5*y**2 - y - 4. Suppose 4*v = 4*r + 168, 0*v + 166 = 4*v - 3*r. Let c = -33 + v. Calculate the remainder when j(6) is divided by c.
5
Suppose 5*u - 105 = -j, 6*j = 10*j - u - 462. Let k = j + -60. Calculate the remainder when k is divided by 12.
7
Let s = -910 + 1011. Calculate the remainder when 403 is divided by s.
100
Let u be (2 + -107)/(12 - 15). Suppose 2*k = -3*a + 68, u = -2*k + 3*k + a. Let s(h) = h**2 - h + 145. What is the remainder when s(0) is divided by k?
34
Suppose 0 = -21*a + 542 + 172. What is the remainder when (-2 + 2 + 91 + -1)*1 is divided by a?
22
Let h = 5630 + -4482. Calculate the remainder when h is divided by 96.
92
Let p(r) = 3 + 3 - 2 + 29*r. Calculate the remainder when p(6) is divided by 66/12 + -6 - 182/(-4).
43
Let y(t) = -t**3 + 11*t**2 - t + 7. Suppose 9*k = 53 + 55. Let c be k/(-8)*1*-6. Calculate the remainder when y(c) is divided by 27.
25
Let i = -379 + 241. Let d = i + 249. Calculate the remainder when d is divided by 24.
15
Suppose 15*x + 8071 = 5*v + 14*x, 4*v - 4*x - 6460 = 0. Calculate the remainder when v is divided by 95.
94
Let l(c) be the first derivative of -4*c**2 - 66*c - 32. Let i be l(-27). Calculate the remainder when 4*5/(-25)*i/(-4) is divided by 8.
6
Suppose 0 = -21*i + 2404 - 220. Let p(u) = -6*u**2 + u - 4. Let w be p(-3). Let v = i + w. What is the remainder when v is divided by 28?
15
Let f = 125 - 109. Suppose -p = 14 - f. Suppose n + 4*i - 29 = -2*n, -p*n + 23 = -i. Calculate the remainder when 54 is divided by n.
10
Suppose 1696*w + 47 = 1697*w + 5*k, 3*w + k = 155. Let u = 270 + -115. Calculate the remainder when u is divided by w.
51
Let g(v) = -v**3 - 3*v**2 - 2*v - 6. Suppose 0 = 8*r - 1408 - 6376. Let d = -963 + r. Calculate the remainder when g(-4) is divided by d.
8
Suppose 49*g - 1386 = -20*g + 3*g. Let i = -91 - -152. What is the remainder when i is divided by g?
19
What is the remainder when 1172 is divided by 66/(-14 + 174/12)?
116
Suppose 10*b + 0*b = -7*b + 13719. What is the remainder when b is divided by 18?
15
Suppose -2*c + 2*r = -1274, 777*c = 782*c + 4*r - 3149. Calculate the remainder when c is divided by 111.
78
Let x = -1061 + 1141. What is the remainder when x is divided by (8/(-5))/((-8)/140)?
24
Suppose 0 = 2*g - 2712 + 2164. Calculate the remainder when 289 is divided by g.
15
Let q = 13272 + -13222. Calculate the remainder when 261 is divided by q.
11
Let g be 3 + (-13)/((-78)/12). What is the remainder when 51 is divided by ((-1)/(-4))/(g/(169 + -9))?
3
Suppose 0 = 46*y + 7*y - 52753 + 15017. Calculate the remainder when y is divided by 280.
152
Suppose p = -6 + 7. Let y be 0/2 + (96*-1 - p). Let a = -89 - y. What is the remainder when 31 is divided by a?
7
Let p = 493 - 472. Calculate the remainder when 580 is divided by p.
13
Suppose -2*n - 6*z + 7*z + 80 = 0, 0 = 4*n + 3*z - 170. Suppose -3*a - 3*c + 483 = 0, c + 1 = 3. Calculate the remainder when a is divided by n.
36
Let y = 3178 + -3091. Calculate the remainder when 108 is divided by y.
21
Let m(q) = 25*q - 1412. Calculate the remainder when m(76) is divided by 1.
0
Let m be (-3*(-6)/(-4))/((-28)/(-56)). Let t = -36 + 79. What is the remainder when t is divided by ((-15)/(-9))/((-1)/m)?
13
Let d = -296 + 504. Suppose 2*z = d - 34. What is the remainder when z is divided by (-10 - -33)*(0 + 1)?
18
Let p be 2 - -82*4/(-4). Let f = p - -103. Suppose -4*y = -f - 41. What is the remainder when 36 is divided by y?
4
Suppose -3*p + 70*i + 413 = 68*i, 4*i = -4*p + 524. Suppose 1 = -s - 3*q + 8, 5*s + q - 49 = 0. Calculate the remainder when p is divided by s.
5
Suppose 90 = 41*z - 33. Suppose 2*h - x = 151, -2*x - 287 = -4*h + z*x. Calculate the remainder when h is divided by 21.
15
Suppose -66 = -17*w + 393. Suppose w*f = -f + 3444. What is the remainder when f is divided by 18?
15
Suppose 390*s - 57 = 386*s - 3*i, -4*i + 52 = 4*s. Calculate the remainder when 190 is divided by s.
10
Suppose -296*a = -241*a - 110. What is the remainder when 302/16 + 2/16 is divided by a?
1
Suppose 4*i - 2*a = 4, 5*i - 13 = -4*a + 18. Suppose 0 = -0*p + i*p - 12, -52 = -4*z - 2*p. Calculate the remainder when z is divided by 5.
1
What is the remainder when 2/(-6)*(-13127 - (2 - 7)) is divided by 125?
124
Let m be (1 + -4)*2/(-6) - 3. What is the remainder when (7/(-5) - m)/(9/495) is divided by 15?
3
Suppose 0 = -5*a + 428 + 47. Suppose 3*g - 36 = 6. Calculate the remainder when a is divided by g.
11
Let w(p) = -328*p - 1218. What is the remainder when 725 is divided by w(-4)?
67
Let m(p) = 3*p + 4. Suppose 4*c - 2*o - 24 = 0, 2*o + 9 = -3*c + 4*c. Let s be m(c). Suppose -s*v + 9*v = -160. Calculate the remainder when 28 is divided by v.
12
Let k(n) = 11*n + 10. Let u(z) = 19*z + 21. Let o(g) = -5*k(g) + 3*u(g). What is the remainder when 184 is divided by o(-4)?
4
Let p(o) = 38*o + 5. Let f(h) = -h**3 + 24*h**2 + 57*h - 125. Let c be f(26). What is the remainder when p(c) is divided by 28?
27
Let w(l) = 1205*l + 26. Calculate the remainder when 1113 is divided by w(0).
21
Suppose 23*v - 4657 = -655. Calculate the remainder when v is divided by 151.
23
Suppose n + 0*n = 58. What is the remainder when n is divided by ((-13)/(-117)*-6)/((-4)/42)?
2
Suppose 5*d + r - 75 = -4*r, 3*r = 4*d - 39. Let c be 4 + (-4 - (-2 - 99/3)). Calculate the remainder when (-2)/(-7) - (-2405)/c is divided by d.
9
Let z(y) = 15*y - 4. Let c be (17/(-4))/((-27)/1728). Let a = -250 + c. Calculate the remainder when z(6) is divided by a.
20
Suppose -11*r - 20 = -12*r. Let c = 124 + -57. Let d = c - 9. What is the remainder when d is divided by r?
18
Suppose 5*b - 1905 = -9*s + 8*s, -2*b = -6*s - 794. Calculate the remainder when b is divided by 96.
94
Let z be 43/9 - (-6)/27. Let o(j) = -j**3 - 35*j**2 + 48*j + 112. Let m be o(-35). What is the remainder when 176 is divided by m/(-35) + 1/z?
41
Let k = 5074 - 3597. Calculate the remainder when k is divided by 18.
1
Let k = 3799 - 3131. Calculate the remainder when k is divided by 21.
17
Suppose -3*m - 56948 = -4*q, -50*m = -q - 41*m + 14270. What is the remainder when q is divided by 226?
222
Suppose 0 = -4*v - 24 + 84. Suppose 6*j = 5*j + v. What is the remainder when 56 is divided by j?
11
Suppose -16*v - 104 + 463 = -521. Let m = -2 + 4. Suppose v = -m*h + 13*h. What is the remainder when h is divided by 4?
1
Let r(x) = 3*x + 6. Let t be r(0). Calculate the remainder when 24 is divided by (t - 4)/((-26)/(-117)).
6
Let m = 13 - 19. Let k = -4080 + 4112. Calculate the remainder when k is divided by 17 - 0 - m/2.
12
Let f(m) = m**3 - 20*m**2 + 21*m - 29. Let y be f(19). Let z(a) = -4*a + 54. Suppose 11*d + 2*d - 1820 = 0. Calculate the remainder when d is divided by z(y).
14
Suppose s + 1612 = 14*s. Suppose -s = -3*y - 2*v, -5*v - 241 = -5*y - 76. What is the remainder when y is divided by 8?
6
What is the remainder when 474 is divided by (-31)/(2170/(-5376)) + 2/10?
12
Let o be (11/33)/((-1)/(-45)). Calculate the remainder when 33*(o/(-3) + 6) is divided by 2.
1
Suppose 3689 + 8287 = 39*d - 15090. Calculate the remainder when d is divided by 346.
2
Suppose 70*q = 64*q + 192. Calculate the remainder when 67 is divided by q.
3
Suppose 92*y = -208*y - 3*y + 11817. What is the remainder when 16339 is divided by y?
37
Suppose -1167 = -9*c + 4*y - 269, y + 4 = 0. Suppose 38 = 2*s + 2*j, -2*j - 3*j = -5*s + 75. Calculate the remainder when c is divided by s.
13
Let c(i) = 6*i**2 + 32*i - 98. Calculate the remainder when c(5) is divided by 27.
23
Suppose 5*g - 2*k = 6, -5*g - 4*k + 3*k - 3 = 0. Suppose -7*p + 161 + 84 = g. What is the remainder when p is divided by 18?
17
Let g(d) = -8*d - 45. Let m = -35 + 80. Let o = m + -59. Calculate the remainder when g(o) is divided by 19.
10
Suppose 6*i = -2*g + 2*i + 8, 5*g - 26 = -4*i. Let a be -2 - (2 - (3 - g))*-1. Suppose a*r + 3*r - 204 = 0. What is